c + 187*c + 300 = 0. Let z(u) = -10*u - 16. Let b be z(-4). Suppose 36 + b = 2*q. Calculate the greatest common factor of c and q.
15
Suppose -2172*p + 1188 = -2154*p. Let u be (-6)/2 - (-35 - -10). Calculate the highest common factor of p and u.
22
Suppose 0 = 433*l - 128985 - 161991. What is the greatest common divisor of l and 112?
112
Suppose 4*o = 6*v + 2776, -6*v + 2842 = 4*o - v. What is the greatest common factor of o and 74?
37
Let r be (1/(-5)*2)/(26/(-780)). Let o be (-61)/(-3) + (-196)/(-294). What is the highest common factor of r and o?
3
Let i(u) be the first derivative of 35*u**3/3 - u**2/2 - u + 86. Let o be i(-1). Calculate the highest common divisor of o and 10.
5
Let h = 434 - -1066. Calculate the greatest common divisor of h and 120.
60
Suppose -612 = -3*j - 14*j. Let u = -25 - -61. Calculate the greatest common factor of u and j.
36
Let q(v) be the second derivative of -v**5/20 - v**4/2 - 8*v**3/3 - 11*v**2 - 111*v. Let m be q(-5). Calculate the highest common factor of m and 55.
11
Let n(x) = 4*x**2 + 314*x + 171. Let o be n(-78). What is the highest common factor of 280 and o?
5
Suppose 3*i = -2*i + 50. Suppose -12*u + 209 = -463. Suppose -960 = -u*c + 44*c. What is the highest common divisor of i and c?
10
Suppose -361*z + 55296 = -353*z. Calculate the highest common divisor of z and 27.
27
Let q be 10/(-1) - -2 - (-11 + -381). Calculate the highest common divisor of 864 and q.
96
Let n(m) = -m**2 - 7*m + 9. Let y be n(2). Let g be 4 + (-114)/27 - 6338/y. What is the highest common divisor of g and 64?
64
Suppose 4*y - 3*t = 5*y - 762, 0 = -4*y + 5*t + 2980. Calculate the greatest common factor of y and 1375.
125
Suppose 163*y - 109350 - 217705 = -81740. Calculate the greatest common factor of 129 and y.
43
Let f = 66 + -64. Let y be (28/3)/4*6. Let d be (-42)/y*f/(-2). What is the greatest common factor of 6 and d?
3
Let a = -50 + 38. Let h be (3/a)/(2 - 41/20). Calculate the greatest common divisor of 40 and h.
5
Suppose -9*r = -27*r + 72. Suppose 0 = 70*z - 65*z - r*c + 6, -2*c + 8 = 0. What is the highest common divisor of z and 72?
2
Let o = 6990 - 6414. Calculate the highest common factor of o and 234.
18
Let j = 138 + -122. Suppose -g - j*g = -544. What is the greatest common divisor of g and 256?
32
Let h be ((-369)/205)/(48/(-820))*(-56)/(-3). What is the highest common divisor of 84 and h?
14
Suppose 840*p + 14440 = 850*p. What is the highest common divisor of p and 228?
76
Suppose -78*x - 2898 + 35658 = 0. What is the greatest common factor of x and 280?
140
Let a be 9/(-2)*(0 - 6). Suppose -1107*k + 8079 + 12171 = 3645. What is the highest common divisor of a and k?
3
Let d = -81 + 193. Let h = -14 + 16. Suppose 0 = h*r + 2 - 30. Calculate the greatest common divisor of r and d.
14
Let a be ((-1920)/36)/((-55)/66). Suppose -24*b + 832 = a. Let n be -1 + 82 + -1 + 0. What is the greatest common factor of n and b?
16
Suppose 196 = i - 2*r, 192 = -0*i + i - 3*r. Let j(t) = 11*t + 45. Let h be j(-3). What is the greatest common divisor of i and h?
12
Suppose 0 = 2*b + 2*r - 166, 16*b - 14*b = -r + 166. Suppose -b = -d - 80. Calculate the highest common factor of d and 5.
1
Let w(x) = x**3 + 12*x**2 + 3. Let m = -15 - -3. Let f be w(m). Let t(c) = 19*c - 320. Let b be t(17). What is the highest common factor of f and b?
3
Suppose 0 = 4*h - 1405 - 663. Let q(j) = -60*j - 253. Let s be q(-5). Calculate the highest common factor of h and s.
47
Let m be ((-1)/2 - (-126)/28) + 4. Let n(h) = -3*h + 5*h + 12*h**2 - 4*h**2 + 18 + 7*h - h**3. Let l be n(m). What is the highest common factor of l and 18?
18
Let u be 203784/180 + 2/(-15). Calculate the greatest common factor of u and 4.
4
Let d(z) = 7*z + 42. Let a be d(-12). Let x = 69 + a. Suppose x*j = 29*j - 76. Calculate the greatest common divisor of 266 and j.
38
Suppose -6*f + 3*o = -11*f + 447, o + 451 = 5*f. Let u be 17 + 6*(-3)/(-18). Calculate the highest common divisor of u and f.
18
Let x be (492/(-84))/((-1)/7). Suppose 0 = -26*y + x + 11. Calculate the highest common factor of 20 and y.
2
Let s = -150 - -359. Let j = 6636 + -6617. What is the highest common factor of s and j?
19
Suppose 1467*u + 33 + 24 = 1470*u. Let b(d) = -d**2 + 3*d + 1. Let c be b(3). Let o be -1 - (c + 1 - 22). Calculate the highest common divisor of u and o.
19
Suppose 5*p = -6*o + 4*o + 8848, 4435 = o - 3*p. Calculate the greatest common factor of o and 309.
103
Let a(q) = -47*q - 999. Let l be a(-52). What is the highest common divisor of l and 595?
85
Suppose 8*w + 143 - 183 = 0. Let k(j) = 28*j + 7 - 2 - 2 - 2*j. Let o be k(w). What is the highest common divisor of o and 19?
19
Let r be (-3 - -7)/(-16) - 2702/(-56). Suppose -4*b + 27 = -b - 3*v, 2*b + 2 = -2*v. Let q be 9*1*b/3. Calculate the highest common factor of r and q.
12
Suppose -13 + 5 = d + 5*c, 0 = 5*d + 2*c + 63. Let t(l) = -7*l + 34. Let f be t(d). Calculate the highest common divisor of 50 and f.
25
Let l(a) = 3*a**2 - 4*a + 3. Let b be l(4). Suppose 0 = z + s - b, 0 = s - 5. Suppose -12 = 9*n - 10*n. What is the highest common divisor of n and z?
6
Let k be 8925/(-50)*((-10)/(-7) - 2). What is the highest common divisor of k and 72?
6
Let y be 36/684 - 7504/(-19). Let o = 128 + -123. Calculate the greatest common factor of y and o.
5
Let a be 13 + 9/(45/(-40)). Let u = 11 + a. Calculate the highest common factor of 16 and u.
16
Let u(s) = 441*s**2 - 34*s - 50. Let y be u(-2). What is the greatest common factor of 264 and y?
66
Let x be 256 - -2 - (1 + 1). Let m(z) = -z - 3. Let v be m(0). Let l be (-8)/((-4)/(-48)*v). What is the greatest common factor of x and l?
32
Let w = 4843 - 1932. Calculate the highest common factor of 142 and w.
71
Let r(l) = -2*l**3 - 5*l**2 - 11*l - 20. Let w be r(-4). Suppose -3*q + 509 = -5*u, -11*u + 677 = 4*q - 16*u. Calculate the highest common divisor of w and q.
24
Let h(i) be the first derivative of 11*i**2/2 + 19*i + 88. Let u be h(10). Calculate the greatest common factor of 43 and u.
43
Suppose -10 = -4*p - p. Suppose 9 - 77 = -p*q. Let u = 11755 - 11670. What is the greatest common divisor of u and q?
17
Suppose -3202 = -19*g - 1777. What is the greatest common divisor of g and 240?
15
Suppose -r - r - 5*l = 4, -4*r + 5*l = 68. Let w(f) = 5*f**2 + 59*f + 4. Let v be w(r). What is the highest common factor of v and 128?
16
Let g = -92 - -93. Let d be (-9*g)/(7 - 31/4). Calculate the greatest common factor of 24 and d.
12
Let b be (-119250)/(-600)*(3/(-1) + -1). Let i be (-1)/4 + b/(-60). Let v = 87 + 56. What is the greatest common factor of v and i?
13
Let r be (-735)/(-5) - (-40 + 47). Calculate the highest common divisor of 175 and r.
35
Let q(w) = 229*w + 663. Let f be q(-2). Let c be (-1851)/(-15) - (-2)/(-5). What is the greatest common divisor of f and c?
41
Let f = -332 + 386. Suppose -f*d = -12*d - 504. Calculate the greatest common factor of d and 156.
12
Let x = -451 - -655. Let a = -180 + x. What is the highest common divisor of a and 18?
6
Let l = 335 + -322. Suppose 0 = 2*j + l*j - 105. Calculate the greatest common divisor of 224 and j.
7
Let u = -56 + 39. Let t = -14 - u. Suppose -5*o = -4*v - 18, 0*o + 4 = 5*o + 3*v. What is the greatest common factor of o and t?
1
Suppose 0 = -41*j - 1633 + 6512. Calculate the highest common divisor of j and 112.
7
Let g = 86 + -26. Let j be (-4)/12*(-4 + -5). Let x be (-137)/(-9) - (j - 50/18). What is the greatest common divisor of x and g?
15
Let b = 57 + -55. Suppose 2*x = b*m - 2, 3*x - m = -0*x + 5. Suppose -5 = -x*h + 4*h, -3*r + 87 = 3*h. What is the greatest common divisor of r and 85?
17
Let m be (5/4*5)/(50/(-5000)). Let v = 842 + m. What is the highest common factor of 7 and v?
7
Let w = 123 + -107. Suppose 527 = w*t - 145. Suppose 5*p - 2*p - t = 0. What is the highest common divisor of 6 and p?
2
Suppose 0*h - 25 = -5*h. Suppose h*i - 195 = 435. Let l be 1475/35 - 1/7. What is the highest common factor of l and i?
42
Suppose 0 = 62*z - 3372 - 5556. What is the highest common divisor of 2268 and z?
36
Suppose 16*l = 8*l + 2272. Let r = 328 - l. What is the greatest common divisor of 352 and r?
44
Suppose -2*c - 2*c = k - 4924, 24512 = 5*k + 2*c. Calculate the highest common factor of 588 and k.
196
Suppose 5*s